s of 63673339.
63673339
What are the prime factors of 2106621543?
3, 13, 23, 431, 5449
What are the prime factors of 38375128?
2, 11, 436081
What are the prime factors of 383600525?
5, 7, 11, 101, 1973
What are the prime factors of 1941397105?
5, 19, 3343, 6113
What are the prime factors of 573226?
2, 286613
What are the prime factors of 43275153?
3, 14425051
List the prime factors of 32104475.
5, 13, 173, 571
What are the prime factors of 60942905?
5, 12188581
List the prime factors of 1492681096.
2, 41, 4550857
List the prime factors of 53506255.
5, 11, 37, 26293
List the prime factors of 494234756.
2, 1277, 96757
What are the prime factors of 5594233615?
5, 83, 139, 96979
List the prime factors of 1964802087.
3, 1129, 193367
List the prime factors of 426825193.
389, 1097237
List the prime factors of 22149309.
3, 7, 13, 79
What are the prime factors of 38585333?
19, 101, 20107
List the prime factors of 43321766.
2, 29, 733, 1019
What are the prime factors of 160782421?
160782421
List the prime factors of 145815625.
5, 29, 1609
What are the prime factors of 602616213?
3, 521, 42839
What are the prime factors of 87681691?
239, 366869
List the prime factors of 2128158640.
2, 5, 26601983
List the prime factors of 22204558.
2, 1613, 6883
List the prime factors of 90426384.
2, 3, 627961
List the prime factors of 60388847.
37, 239, 6829
List the prime factors of 6442318.
2, 67, 131, 367
List the prime factors of 138775664.
2, 167, 311
What are the prime factors of 21818268?
2, 3, 202021
What are the prime factors of 35530346?
2, 139, 127807
List the prime factors of 87332059.
71, 1230029
List the prime factors of 57284319.
3, 19094773
List the prime factors of 1963950.
2, 3, 5, 13093
What are the prime factors of 209397400?
2, 5, 29, 79, 457
What are the prime factors of 151371617?
151371617
List the prime factors of 49072821.
3, 7, 2336801
List the prime factors of 842272393.
571, 727, 2029
What are the prime factors of 592589697?
3, 7, 3347, 8431
List the prime factors of 495580157.
53, 9350569
What are the prime factors of 280933283?
280933283
What are the prime factors of 12135951?
3, 89, 109, 139
What are the prime factors of 40518212?
2, 7, 43, 73, 461
List the prime factors of 26378723.
7, 23, 59, 2777
What are the prime factors of 1500808759?
4583, 327473
List the prime factors of 83215122.
2, 3, 13869187
What are the prime factors of 1107455635?
5, 11, 13, 23, 67343
List the prime factors of 306276886.
2, 103, 1486781
List the prime factors of 1340978877.
3, 7, 263, 80933
List the prime factors of 11374516.
2, 227, 12527
List the prime factors of 131205.
3, 5, 8747
List the prime factors of 877485341.
19, 113, 408703
What are the prime factors of 43947616?
2, 1373363
List the prime factors of 75512839.
29, 293, 8887
What are the prime factors of 232614066?
2, 3, 109, 355679
What are the prime factors of 2166120127?
17, 127418831
What are the prime factors of 652267402?
2, 401, 813301
List the prime factors of 65674493.
59, 163, 6829
What are the prime factors of 45116255?
5, 9023251
List the prime factors of 40203388.
2, 10050847
What are the prime factors of 22478646?
2, 3, 59, 63499
What are the prime factors of 219745630?
2, 5, 13, 130027
What are the prime factors of 184149870?
2, 3, 5, 1901, 3229
What are the prime factors of 1196063610?
2, 3, 5, 7, 647, 8803
What are the prime factors of 55869501?
3, 18623167
List the prime factors of 144428388.
2, 3, 13, 925823
What are the prime factors of 1611849653?
199, 8099747
What are the prime factors of 68433664?
2, 13, 20563
List the prime factors of 38883086.
2, 11, 311, 5683
What are the prime factors of 1917899556?
2, 3, 1873, 85331
What are the prime factors of 38568524?
2, 53, 181927
List the prime factors of 182419211.
13, 14032247
What are the prime factors of 3047608156?
2, 17, 37, 773, 1567
What are the prime factors of 6516359358?
2, 3, 19, 57161047
List the prime factors of 1380104137.
1380104137
List the prime factors of 871208295.
3, 5, 131, 443363
List the prime factors of 721944627.
3, 17, 14155777
List the prime factors of 444291539.
41, 67, 197, 821
List the prime factors of 25335966.
2, 3, 29, 5021
What are the prime factors of 8387478492?
2, 3, 698956541
List the prime factors of 50972616.
2, 3, 707953
List the prime factors of 267518262.
2, 3, 11, 347, 11681
List the prime factors of 564696195.
3, 5, 7, 281, 19139
List the prime factors of 1312280824.
2, 23, 199, 35839
List the prime factors of 767135709.
3, 167, 510403
What are the prime factors of 52569512?
2, 6571189
List the prime factors of 1728354100.
2, 5, 11, 79, 19889
List the prime factors of 2292522815.
5, 11, 23, 1812271
List the prime factors of 13443842.
2, 83, 109, 743
List the prime factors of 112476257.
19, 1009, 5867
List the prime factors of 2521503935.
5, 37, 13629751
What are the prime factors of 5899823043?
3, 41, 47966041
What are the prime factors of 543826319?
101, 127, 42397
What are the prime factors of 452417990?
2, 5, 79, 653, 877
List the prime factors of 535471305.
3, 5, 167, 181, 1181
List the prime factors of 301800431.
5851, 51581
List the prime factors of 407957880.
2, 3, 5, 11, 309059
What are the prime factors of 54414802?
2, 13, 1367, 1531
List the prime factors of 4254105070.
2, 5, 23, 313, 59093
List the prime factors of 19007183.
13, 131, 11161
What are the prime factors of 2589010039?
7, 11, 33623507
List the prime factors of 129347290.
2, 5, 47, 275207
List the prime factors of 89617918.
2, 13, 3446843
List the prime factors of 269797495.
5, 11, 31, 229, 691
What are the prime factors of 229236645?
3, 5, 11, 37, 37549
List the prime factors of 956150191.
956150191
List the prime factors of 76424665.
5, 15284933
List the prime factors of 153740866.
2, 127, 191, 3169
List the prime factors of 101814780.
2, 3, 5, 107, 15859
What are the prime factors of 240843778?
2, 7, 17203127
What are the prime factors of 28310892?
2, 3, 2359241
List the prime factors of 41893051.
23, 43, 42359
List the prime factors of 4956302532.
2, 3, 19, 163, 193, 691
List the prime factors of 892097359.
521, 587, 2917
List the prime factors of 17262096.
2, 3, 107, 3361
What are the prime factors of 1687351997?
139, 2861, 4243
List the prime factors of 92722244.
2, 23180561
What are the prime factors of 600072258?
2, 3, 2437, 41039
List the prime factors of 2782853150.
2, 5, 7, 11, 722819
What are the prime factors of 82537030?
2, 5, 8253703
List the prime factors of 1113227826.
2, 3, 185537971
List the prime factors of 364850698.
2, 197, 926017
List the prime factors of 118103347.
569, 207563
List the prime factors of 41064364.
2, 11, 367, 2543
What are the prime factors of 50186718?
2, 3, 1171, 2381
What are the prime factors of 5122130272?
2, 7, 1093, 20921
List the prime factors of 136269059.
17, 61, 331, 397
List the prime factors of 1028432572.
2, 257108143
List the prime factors of 41193475.
5, 97, 16987
List the prime factors of 196844712.
2, 3, 19, 43, 10039
What are the prime factors of 1396580609?
577, 2420417
List the prime factors of 361669.
7, 11, 61
What are the prime factors of 55256965?
5, 11051393
List the prime factors of 94308609.
3, 19, 29, 59, 967
List the prime factors of 291233197.
19, 47, 101, 3229
What are the prime factors of 871487219?
359, 2427541
What are the prime factors of 25345229?
7, 13, 67, 4157
List the prime factors of 218427807.
3, 13, 1579, 3547
List the prime factors of 401782020.
2, 3, 5, 2389, 2803
List the prime factors of 124514016.
2, 3, 11, 117911
What are the prime factors of 3857533203?
3, 2791, 460711
What are the prime factors of 42640655?
5, 19, 31, 14479
List the prime factors of 2376279658.
2, 1188139829
What are the prime factors of 64628184?
2, 3, 641, 4201
What are the prime factors of 894467534?
2, 2333, 191699
What are the prime factors of 157650453?
3, 41, 427237
What are the prime factors of 1831490988?
2, 3, 17, 479, 18743
What are the prime factors of 28479592?
2, 3559949
What are the prime factors of 649648530?
2, 3, 5, 7218317
List the prime factors of 94720608.
2, 3, 328891
What are the prime factors of 5727452?
2, 37, 38699
List the prime factors of 5748647614.
2, 17, 151, 359, 3119
List the prime factors of 834086134.
2, 7, 751, 1619
Wh